t is the ten thousands digit of 1742482?
4
What is the hundreds digit of 1397520?
5
What is the units digit of 69468?
8
What is the units digit of 144716?
6
What is the millions digit of 26390624?
6
What is the hundreds digit of 20132?
1
What is the ten thousands digit of 860774?
6
What is the ten millions digit of 21935921?
2
What is the thousands digit of 271187?
1
What is the millions digit of 2562098?
2
What is the ten millions digit of 28144414?
2
What is the millions digit of 2373761?
2
What is the hundreds digit of 4199994?
9
What is the hundreds digit of 145453?
4
What is the thousands digit of 170239?
0
What is the hundreds digit of 352771?
7
What is the ten thousands digit of 261707?
6
What is the units digit of 2462290?
0
What is the millions digit of 1581603?
1
What is the hundred thousands digit of 1230614?
2
What is the tens digit of 11252059?
5
What is the hundreds digit of 908950?
9
What is the hundred thousands digit of 184567?
1
What is the millions digit of 1265618?
1
What is the thousands digit of 4130338?
0
What is the ten millions digit of 16987787?
1
What is the ten thousands digit of 1080208?
8
What is the thousands digit of 2823970?
3
What is the units digit of 314839?
9
What is the ten thousands digit of 2451844?
5
What is the units digit of 354532?
2
What is the tens digit of 56187?
8
What is the units digit of 7511180?
0
What is the ten thousands digit of 12504019?
0
What is the thousands digit of 543033?
3
What is the units digit of 3021651?
1
What is the hundreds digit of 359518?
5
What is the hundred thousands digit of 416425?
4
What is the hundreds digit of 94876?
8
What is the hundreds digit of 6971511?
5
What is the ten thousands digit of 108333?
0
What is the units digit of 10044247?
7
What is the millions digit of 3996288?
3
What is the hundreds digit of 890293?
2
What is the tens digit of 1633794?
9
What is the hundreds digit of 958436?
4
What is the millions digit of 5018673?
5
What is the units digit of 7886511?
1
What is the hundred thousands digit of 677577?
6
What is the ten thousands digit of 1799332?
9
What is the thousands digit of 276021?
6
What is the thousands digit of 48232?
8
What is the ten thousands digit of 340122?
4
What is the millions digit of 2170105?
2
What is the thousands digit of 5554025?
4
What is the thousands digit of 478296?
8
What is the units digit of 330886?
6
What is the tens digit of 606081?
8
What is the hundred thousands digit of 202179?
2
What is the ten thousands digit of 178517?
7
What is the ten thousands digit of 582312?
8
What is the ten thousands digit of 186518?
8
What is the hundred thousands digit of 554177?
5
What is the hundred thousands digit of 15876749?
8
What is the units digit of 23455717?
7
What is the tens digit of 5126156?
5
What is the tens digit of 194251?
5
What is the tens digit of 156908?
0
What is the millions digit of 1468642?
1
What is the units digit of 1523480?
0
What is the thousands digit of 233989?
3
What is the hundreds digit of 19661140?
1
What is the hundreds digit of 172725?
7
What is the units digit of 992163?
3
What is the tens digit of 6253375?
7
What is the millions digit of 10054939?
0
What is the millions digit of 1630287?
1
What is the hundreds digit of 562232?
2
What is the tens digit of 405625?
2
What is the hundred thousands digit of 15197644?
1
What is the units digit of 7250?
0
What is the units digit of 415235?
5
What is the ten thousands digit of 19482143?
8
What is the tens digit of 473995?
9
What is the tens digit of 2038669?
6
What is the units digit of 295910?
0
What is the units digit of 2137477?
7
What is the tens digit of 68733?
3
What is the units digit of 10671372?
2
What is the hundreds digit of 1086791?
7
What is the tens digit of 2567442?
4
What is the ten thousands digit of 954111?
5
What is the thousands digit of 3717635?
7
What is the thousands digit of 1085724?
5
What is the thousands digit of 33348?
3
What is the units digit of 9009229?
9
What is the hundreds digit of 1070955?
9
What is the hundreds digit of 2305251?
2
What is the ten millions digit of 10513026?
1
What is the units digit of 146005?
5
What is the tens digit of 519371?
7
What is the ten thousands digit of 435151?
3
What is the tens digit of 271975?
7
What is the hundreds digit of 4278738?
7
What is the hundred thousands digit of 268592?
2
What is the ten thousands digit of 4178983?
7
What is the tens digit of 273364?
6
What is the hundreds digit of 9706261?
2
What is the tens digit of 1483269?
6
What is the hundreds digit of 155904?
9
What is the units digit of 153285?
5
What is the thousands digit of 97464?
7
What is the thousands digit of 2535542?
5
What is the hundreds digit of 882420?
4
What is the thousands digit of 1849618?
9
What is the thousands digit of 6833963?
3
What is the units digit of 3029858?
8
What is the tens digit of 2770453?
5
What is the ten thousands digit of 95510?
9
What is the units digit of 390758?
8
What is the ten thousands digit of 7680183?
8
What is the units digit of 592444?
4
What is the ten thousands digit of 1157218?
5
What is the units digit of 84325?
5
What is the hundreds digit of 11473363?
3
What is the thousands digit of 6432016?
2
What is the millions digit of 1735186?
1
What is the ten thousands digit of 1214807?
1
What is the thousands digit of 1271629?
1
What is the thousands digit of 1080819?
0
What is the hundreds digit of 2063369?
3
What is the ten thousands digit of 2509425?
0
What is the millions digit of 3025588?
3
What is the ten thousands digit of 632939?
3
What is the ten thousands digit of 617045?
1
What is the units digit of 7455788?
8
What is the millions digit of 4623488?
4
What is the hundreds digit of 1266743?
7
What is the hundred thousands digit of 238797?
2
What is the ten thousands digit of 2224774?
2
What is the thousands digit of 119994?
9
What is the tens digit of 1087767?
6
What is the hundred thousands digit of 7763084?
7
What is the hundreds digit of 642237?
2
What is the units digit of 10169615?
5
What is the hundreds digit of 1060951?
9
What is the hundreds digit of 103557?
5
What is the ten thousands digit of 841272?
4
What is the tens digit of 15669949?
4
What is the thousands digit of 1170235?
0
What is the ten thousands digit of 451453?
5
What is the thousands digit of 1065207?
5
What is the hundreds digit of 12682088?
0
What is the hundred thousands digit of 330938?
3
What is the units digit of 818890?
0
What is the millions digit of 7674107?
7
What is the hundreds digit of 27489?
4
What is the units digit of 50537?
7
What is the ten thousands digit of 259021?
5
What is the ten thousands digit of 761506?
6
What is the ten thousands digit of 4439540?
3
What is the millions digit of 12418015?
2
What is the hundred thousands digit of 11106763?
1
What is the hundreds digit of 523844?
8
What is the tens digit of 1687844?
4
What is the hundred thousands digit of 273944?
2
What is the hundreds digit of 530935?
9
What is the ten thousands digit of 6896397?
9
What is the thousands digit of 19186762?
6
What is the hundred thousands digit of 140191?
1
What is the thousands digit of 3985750?
5
What is the ten thousands digit of 11805032?
0
What is the hundred thousands digit of 253034?
2
What is the units digit of 9413420?
0
What is the ten thousands digit of 6235093?
3
What is the units digit of 754199?
9
What is the hundred thousands digit of 9484328?
4
What is the thousands digit of 1405083?
5
What is the units digit of 149183?
3
What is the ten thousands digit of 7882267?
8
What is the hundreds digit of 263472?
4
What is the tens digit of 119798?
9
What is the thousands digit of 526254?
6
What is the units digit of 437354?
4
What is the ten thousands digit of 373052?
7
What is the units digit of 10418485?
5
What is the hundreds digit of 11652543?
5
What is the hundreds digit of 6472731?
7
What is the hundreds digit of 4783726?
7
What is the hundred thousands digit of 1682027?
6
What is the thousands digit of 312492?
2
What is the ten thousands digit of 468150?
6
What is the hundred thousands digit of 518999?
5
What is the tens digit of 4332885?
8
What is the units digit of 960204?
4
What is the tens digit of 2101851?
5
What is the thousands digit of 654374?
4
What is the